ndreds digit of o?
5
Let g(i) = i**2 - i - 4. Let u = 33 + -36. Let j be g(u). What is the units digit of (9*j)/3 + (0 - 1)?
3
Let x = -659 - -2321. What is the tens digit of x?
6
Suppose 2*p + 3 = j - 2*p, -3*j - 5*p = -9. Suppose 4*i + 758 = j*b, -b + 4*i - i = -256. What is the units digit of b?
0
What is the tens digit of ((-638)/(-44))/((-4)/(-544))?
7
Let c(x) = -1131*x - 747. What is the units digit of c(-4)?
7
Suppose 3*p = 6*p - 6045. Suppose 77 = -2*a + p. What is the tens digit of a?
6
Let t(l) = 4*l**2 + 6*l. Let j(d) = d**2 + 3*d + 4. Suppose -5*g = -5*b + 10, 3*g = -3*b - 1 - 5. Let a be j(b). What is the units digit of t(a)?
8
Let p(g) = g**3 - 34*g**2 + 35*g - 75. Let w be p(33). Let b(t) = 2*t**3 + 21*t**2 + 4*t + 27. What is the tens digit of b(w)?
3
Suppose 4*a + 0*a - a = 0. Let w(p) = p**2 - 2*p + 41. Let q be w(a). Let u = q + 96. What is the units digit of u?
7
Suppose 3*f - 2*f - 31 = -2*v, 2*v - 10 = 0. Let r = f + 74. What is the units digit of r?
5
Suppose 13*b = -71*b + 2645244. What is the tens digit of b?
9
Let k be (2028/117)/(2/138). Suppose 5*n - 1527 = -4*p + 865, k = 2*p - 3*n. What is the tens digit of p?
9
Suppose -3*x = -3*i - 22839, -5*x - i + 38053 = -2*i. What is the tens digit of x?
1
What is the tens digit of 54/(-42)*(-2)/(-9)*158529/(-6)?
4
Suppose 94*r + 80 = 92*r. What is the units digit of ((-605)/(-4) + 3)/((-10)/r)?
7
Let g(u) be the first derivative of u**4/2 - 55*u**3/3 + 25*u**2/2 + 85*u + 46. What is the units digit of g(27)?
1
Let z be (-4 - -3)/(2 + 93/(-47)). Let l = z + 56. What is the tens digit of (2*67)/(l/(9/2))?
6
Let p(x) = 4*x**2 - 7*x - 6. Let z be p(3). Suppose 214 = 2*o - 5*w, 0 = -3*o + 11*w - z*w + 310. What is the hundreds digit of o?
1
Let d(q) = 43*q - 119*q - 41 - 74 - 21. What is the hundreds digit of d(-15)?
0
Suppose 202632 = 54*n - 134323 - 256235. What is the units digit of n?
5
Let q = 475 + -117. Let i be (6 + -7)/((-2)/q). Suppose -80*l - i = -81*l. What is the hundreds digit of l?
1
Let h = 188175 + -107608. What is the thousands digit of h?
0
Suppose 4*s - k = -0*k + 21, 2*k = -3*s + 13. Let o = 1 + s. Let c(f) = -3*f + 19. What is the units digit of c(o)?
1
Suppose q = -3*q + 20. Let t(m) = 6*m**2 + 4*m + 1. Let c be t(-1). Suppose -2*f + 144 + 628 = c*n, n - 253 = -q*f. What is the tens digit of n?
5
Let z(u) = u + 12. Let m be (-5 - (0 + 3))*1. Let f be z(m). Suppose a = -x + 2*a + 71, -f*x + 290 = 2*a. What is the units digit of x?
2
Suppose -67 - 221 = -12*t. Suppose -l - 2746 = -3*p, -28*p + t*p + 3656 = -4*l. What is the tens digit of p?
1
Let v(m) = -m**3 + 2*m**2 + 6*m - 4. Let o be v(-3). Let j = o - 23. Suppose j = -t + 4*t - 72. What is the tens digit of t?
2
Let i = 3531 + -2396. What is the tens digit of i?
3
Suppose 5*r + 0*p = -3*p + 1342, -4*p + 1080 = 4*r. Suppose 368 = y + 3*y - 4*u, 5*u + r = 3*y. What is the tens digit of y?
9
Let p = 8919 + -2881. What is the tens digit of p?
3
Suppose 40 - 24 = 5*c + 4*r, 2*r - 8 = c. Suppose c = 11*n - 5*n - 2016. What is the units digit of n?
6
Let y(o) = o**3 - 13*o**2 - 14*o + 8. Let b be y(14). Suppose 5*c - b = d, c = 6*c - 10. What is the tens digit of 3 - (-2 + -126)/d?
6
Let y = 3 + 2. Suppose 73 = g + 6*t - t, 3*g = -y*t + 189. Let m = g + -40. What is the tens digit of m?
1
Let h = 135 - 123. Suppose -14*u = -h*u - 1486. What is the hundreds digit of u?
7
Let y(u) = -9*u - 10. Suppose -4*o - 4*i = 16, -2*o = 4*i + i + 14. Let w be y(o). Suppose -w*h + 1392 = -0*h. What is the tens digit of h?
7
Suppose -171*f + 4763897 = -4644010. What is the thousands digit of f?
5
Let u(f) = -6*f + 1. Let x be u(1). Let h(c) = 11*c + 3. Let o(k) = 56*k + 14. Let a(b) = 5*h(b) - o(b). What is the units digit of a(x)?
6
Let i = -4524 + 10195. What is the units digit of i?
1
Let l be (-1)/((2/4)/(95/(-10))). Suppose -21*k + 784 = -l*k. What is the tens digit of k?
9
What is the hundreds digit of 28*(-1 + (-20756)/(-32) + 2/16)?
1
What is the thousands digit of (-9299835)/(-760) + 9/24?
2
What is the tens digit of -4 - (-9 - -15 - 2936)?
2
What is the units digit of 22 - 8064/368 - (-340628)/23?
0
Let f = -6 - -10. Let p(o) = 14*o - 430. Let a be p(31). Suppose 0 = a*h + i - 4*i - 556, f*h = -4*i + 584. What is the units digit of h?
2
Let q(k) = -18*k + 20. Let p(c) = -c - 3. Let f(v) = -3*p(v) + q(v). What is the tens digit of f(-6)?
1
Let x = 34532 - 20212. What is the tens digit of x?
2
Let v = -1850 - -3628. What is the thousands digit of v?
1
Let s(a) = 95*a**2 - 3*a - 35. Let b be s(8). Suppose 0 = 12*g - 21*g + b. What is the tens digit of g?
6
Suppose 0 = 2*o - 87 - 139. Suppose 16*w = 14*w + 338. Let x = w - o. What is the units digit of x?
6
Let i(p) = 6*p - 33. Let x be i(8). Suppose 0 = -g + x*g - 2002. Let z = 304 - g. What is the units digit of z?
1
Let z(d) = -d**2 - 9*d - 9. Let c be z(-7). Let b be 22/55 - 87/c. Let f(u) = -u**3 - 16*u**2 + 14*u - 13. What is the tens digit of f(b)?
3
Suppose 18*w - 99859 = 4541. What is the tens digit of w?
0
Suppose 8*t - 5*t = -4*o + 83254, -3*o + 3 = 0. What is the thousands digit of t?
7
Suppose -5*y + 20 = 0, 3*y + 13 = 11*t - 6*t. Let h(l) = 24*l**2 - 4*l - 23. What is the tens digit of h(t)?
5
Let x(s) be the second derivative of s**3/2 - 4*s**2 - 22*s. Let y be x(4). Suppose -374 = -3*u + p, -y*p + 114 = u - 7*p. What is the units digit of u?
6
Let f = 14512 - 8393. Suppose -13*g + f = 451. What is the units digit of g?
6
Suppose -4*o - 52*f + 34482 = -54*f, 4*f = 4. What is the thousands digit of o?
8
Let a(q) = 25*q**2 - 13*q + 22. Suppose 4*c = 3*c - 2*i - 2, -4*c + 5*i - 47 = 0. What is the thousands digit of a(c)?
1
Let i = 102 + -103. Let m be i/6*(-13)/((-26)/(-12)). What is the tens digit of 0 - m/(3 - (-1884)/(-627))?
0
Suppose -2*i + 60 = m, 68 = 3*m + i - 97. Let u(l) = 3*l - 4. Let s be u(3). Suppose 5*v = t - s*t + m, -4*t = v - 14. What is the units digit of v?
0
Let j(k) = -2*k - 10. Let a be j(-6). Suppose f - a = -4. What is the tens digit of f/(-1) - (-10 + -21)?
3
Suppose -2*h + 5*f + 9516 = 0, -4695 = -2*h + 4*f + 4823. What is the hundreds digit of h?
7
Suppose 2*k + 6*k = -3584. Let z = 41 - k. What is the hundreds digit of z?
4
Let d(n) = -80*n - 2. Let v be d(-11). Suppose v - 122 = 4*o. Suppose 2*x - o = -53. What is the units digit of x?
8
Let c(h) = -h**3 - 3*h**2 + 11. Let r be c(3). Let q = r - -4. Let j = q - -59. What is the units digit of j?
0
Suppose -6*w = -795 - 975. What is the hundreds digit of (-116)/(-40)*w + (-1)/(-2)?
8
Let n(w) = 32*w**2 - 9*w - 15. Let m be n(10). Suppose -13350 = -7*i - m. Suppose 893 = 3*c + 4*f, i = 5*c + 12*f - 10*f. What is the units digit of c?
1
Suppose -103*i + 100*i + 207 = 0. Let r = i + 476. What is the units digit of r?
5
Let g(s) = s**3 + 34*s**2 + 14*s. Let i be g(-17). Suppose 6*v - i = 533. What is the hundreds digit of v?
8
Let c be (((-4235)/22)/11)/(2/124). Let w = -560 - c. What is the hundreds digit of w?
5
Suppose -4691*w + 4689*w + 2300 = 0. What is the thousands digit of w?
1
Suppose -6*j - 6*j = -36 - 0. Suppose -1 = -4*x - 9. What is the tens digit of (j/x + 2)/((-3)/(-1698))?
8
Suppose 3*m + 3*o - 11996 - 27619 = 0, 66035 = 5*m + 3*o. What is the units digit of m?
0
Suppose 4*s - 204791 = 4*t + 20277, 168794 = 3*s - 2*t. What is the tens digit of s?
6
Let y(b) = -20*b**3 + 22*b**2 - 101*b - 10. Let x(s) = 14*s**3 - 15*s**2 + 67*s + 7. Let f(r) = 8*x(r) + 5*y(r). What is the units digit of f(3)?
3
Let z be (2/(-2))/((-10)/(-280)*7). What is the hundreds digit of (-10 - (1 + 1) - z)*-134?
0
Suppose 7*q - 25464 = -2*b + 11*q, 5*b - 63585 = -15*q. What is the thousands digit of b?
2
Let d(m) = -m**3 - 8*m**2 + 23*m - 6. Let k = 18 + -31. Let i be d(k). Suppose -4*g - 20 + i = 0. What is the tens digit of g?
3
Let v(f) = -11*f**3 - 10*f**2 + 27*f + 49. What is the units digit of v(-10)?
9
Suppose 5*k + 183 = 198. Suppose p = -w + 83, -2*p + 4*p = -k*w + 169. What is the tens digit of p?
8
Suppose 0 = -5*m + 4*m. Suppose m*c + 12 = -4*c. What is the units digit of c + 4 - (-25 - 0)?
6
Suppose 2742 = -u + 5*u - 2*l, 4*l + 4 = 0. Suppose u + 953 = 7*s. What is the units digit of s?
4
Let n(q) = 7*q**2 - 38*q - 169. What is the thousands digit of n(-20)?
3
What is the hund